{"id":996,"date":"2023-04-10T20:08:20","date_gmt":"2023-04-10T18:08:20","guid":{"rendered":"http:\/\/timothee.couteau.free.fr\/2016\/?page_id=996"},"modified":"2026-02-03T20:51:47","modified_gmt":"2026-02-03T20:51:47","slug":"musique-de-spectacle-bartleby-ou-jaimerais-mieux-pas","status":"publish","type":"page","link":"https:\/\/timotheecouteau.com\/index.php\/musique-de-spectacle-bartleby-ou-jaimerais-mieux-pas\/","title":{"rendered":"\u00ab\u00a0Bartleby, ou j&rsquo;aimerais mieux pas\u00a0\u00bb"},"content":{"rendered":"\n<figure class=\"wp-block-image size-full\"><img loading=\"lazy\" decoding=\"async\" width=\"800\" height=\"558\" src=\"https:\/\/timotheecouteau.com\/wp-content\/uploads\/2023\/02\/flyers-bartleby.jpg\" alt=\"bartleby\" class=\"wp-image-968\" srcset=\"https:\/\/timotheecouteau.com\/wp-content\/uploads\/2023\/02\/flyers-bartleby.jpg 800w, https:\/\/timotheecouteau.com\/wp-content\/uploads\/2023\/02\/flyers-bartleby-300x209.jpg 300w, https:\/\/timotheecouteau.com\/wp-content\/uploads\/2023\/02\/flyers-bartleby-768x536.jpg 768w\" sizes=\"auto, (max-width: 800px) 100vw, 800px\" \/><\/figure>\n\n\n\n<p>Timoth\u00e9e a compos\u00e9 les les musiques de l\u2019adaptation th\u00e9\u00e2trale du roman d\u2019Herman Melville \u00ab&nbsp;Bartleby (I would prefer not to\u2026)&nbsp;\u00bb, adaptation de Jean-Marc Chotteau.<\/p>\n\n\n\n<p>La pi\u00e8ce est jou\u00e9e jusqu\u2019au 14 avril 2023 au Salon de Th\u00e9\u00e2tre, Tourcoing [F].<\/p>\n\n\n\n<div style=\"height:100px\" aria-hidden=\"true\" class=\"wp-block-spacer\"><\/div>\n\n\n\n<figure class=\"wp-block-embed is-type-video is-provider-youtube wp-block-embed-youtube wp-embed-aspect-16-9 wp-has-aspect-ratio\"><div class=\"wp-block-embed__wrapper\">\n<iframe loading=\"lazy\" title=\"Captation | Bartleby (Herman Melville) mis en sc\u00e8ne par Jean-Marc Chotteau\" width=\"1170\" height=\"658\" src=\"https:\/\/www.youtube.com\/embed\/NbZx-Olv8QQ?feature=oembed\" frameborder=\"0\" allow=\"accelerometer; autoplay; clipboard-write; encrypted-media; gyroscope; picture-in-picture; web-share\" referrerpolicy=\"strict-origin-when-cross-origin\" allowfullscreen><\/iframe>\n<\/div><\/figure>\n\n\n\n<div style=\"height:100px\" aria-hidden=\"true\" class=\"wp-block-spacer\"><\/div>\n\n\n\n<p><a href=\"http:\/\/lavirgule.com\/Bartleby\" target=\"_blank\" rel=\"noopener\">Plus d\u2019informations sur ce site<\/a><\/p>\n\n\n\n<figure class=\"wp-block-image\"><img loading=\"lazy\" decoding=\"async\" width=\"1024\" height=\"550\" src=\"https:\/\/timotheecouteau.com\/wp-content\/uploads\/2023\/04\/Article-La-Croix-du-Nord-10-04-2023-1024x550.jpg\" alt=\"\" class=\"wp-image-992\" srcset=\"https:\/\/timotheecouteau.com\/wp-content\/uploads\/2023\/04\/Article-La-Croix-du-Nord-10-04-2023-1024x550.jpg 1024w, https:\/\/timotheecouteau.com\/wp-content\/uploads\/2023\/04\/Article-La-Croix-du-Nord-10-04-2023-300x161.jpg 300w, https:\/\/timotheecouteau.com\/wp-content\/uploads\/2023\/04\/Article-La-Croix-du-Nord-10-04-2023-768x412.jpg 768w, https:\/\/timotheecouteau.com\/wp-content\/uploads\/2023\/04\/Article-La-Croix-du-Nord-10-04-2023-1536x824.jpg 1536w, https:\/\/timotheecouteau.com\/wp-content\/uploads\/2023\/04\/Article-La-Croix-du-Nord-10-04-2023.jpg 2012w\" sizes=\"auto, (max-width: 1024px) 100vw, 1024px\" \/><figcaption class=\"wp-element-caption\">Bartleby \u2013 La Croix du Nord<\/figcaption><\/figure>\n\n\n\n<p>D\u00e8s sa premi\u00e8re lecture du court roman d\u2019Herman Melville, et avant m\u00eame qu\u2019il en d\u00e9cid\u00e2t d\u2019en faire une adaptation pour le th\u00e9\u00e2tre et cinq personnages, Jean-Marc Chotteau fut s\u00e9duit par la note profond\u00e9ment m\u00e9lancolique, ponctu\u00e9e de quelques interm\u00e8des fr\u00f4lant la farce ou le burlesque, qui se d\u00e9gageait du roman.<\/p>\n\n\n\n<p><br>Le personnage principal, un notaire, le porteur du r\u00e9cit, \u00e9voque d\u2019ailleurs lui-m\u00eame, comme une musique int\u00e9rieure,<br>\u00ab la fraternelle m\u00e9lancolie \u00bb qui l\u2019unit \u00e0 son employ\u00e9 et qui le retient peut-\u00eatre de le licencier, bien que celui-ci r\u00e9it\u00e8re \u00e0 son grand d\u00e9sarroi son refus tranquille d\u2019effectuer les t\u00e2ches qu\u2019il lui demande : \u00ab I would prefer not to \u00bb \u2026<\/p>\n\n\n\n<p><br>La rencontre et la d\u00e9couverte de l\u2019univers musical de Timoth\u00e9e Couteau firent appara\u00eetre comme une \u00e9vidence qu\u2019une musique devait \u00eatre sp\u00e9cialement cr\u00e9\u00e9e pour le spectacle pour en rendre la touchante complexit\u00e9 et les variations de sa tonalit\u00e9 si particuli\u00e8re.<\/p>\n\n\n\n<p><br>Timoth\u00e9e Couteau accepta avec enthousiasme cette collaboration avec l\u2019\u00e9quipe de cr\u00e9ation pour faire de son instrument, le violoncelle, comme une des voix du spectacle.<\/p>\n\n\n\n<p>La nature si originale du travail du compositeur, sa disponibilit\u00e9 pour proposer au metteur en sc\u00e8ne la virtuosit\u00e9 de sa technique et sa profonde humilit\u00e9 \u00e0 rendre au th\u00e9\u00e2tre l\u2019esprit d\u2019une \u0153uvre ont d\u00e9termin\u00e9 la proposition que La Virgule lui a faite de composer la musique du spectacle.<\/p>\n\n\n\n<p><br>La collaboration commen\u00e7a ainsi bien en amont entre le metteur en sc\u00e8ne et le musicien, avant que soit enregistr\u00e9e, au d\u00e9but des quatre semaines de r\u00e9p\u00e9tition du spectacle en f\u00e9vrier 2023, la musique qui aura \u00e9t\u00e9 travaill\u00e9e un peu comme une musique de film, qui permet de garder longtemps apr\u00e8s, dans l\u2019oreille et le c\u0153ur, le souvenir d\u2019une profonde \u00e9motion.<\/p>\n\n\n\n<figure class=\"wp-block-audio\"><audio controls src=\"https:\/\/timotheecouteau.com\/wp-content\/uploads\/2023\/03\/Bartleby-Generique-.mp3\"><\/audio><\/figure>\n\n\n\n<p>Bartleby (G\u00e9n\u00e9rique)<\/p>\n\n\n\n<p><\/p>\n","protected":false},"excerpt":{"rendered":"<p>Timoth\u00e9e a compos\u00e9 les les musiques de l\u2019adaptation th\u00e9\u00e2trale du roman d\u2019Herman Melville \u00ab&nbsp;Bartleby (I would prefer not to\u2026)&nbsp;\u00bb, adaptation de Jean-Marc [&hellip;]<\/p>\n","protected":false},"author":1,"featured_media":0,"parent":0,"menu_order":0,"comment_status":"closed","ping_status":"closed","template":"","meta":{"footnotes":""},"class_list":["post-996","page","type-page","status-publish","hentry"],"_links":{"self":[{"href":"https:\/\/timotheecouteau.com\/index.php\/wp-json\/wp\/v2\/pages\/996","targetHints":{"allow":["GET"]}}],"collection":[{"href":"https:\/\/timotheecouteau.com\/index.php\/wp-json\/wp\/v2\/pages"}],"about":[{"href":"https:\/\/timotheecouteau.com\/index.php\/wp-json\/wp\/v2\/types\/page"}],"author":[{"embeddable":true,"href":"https:\/\/timotheecouteau.com\/index.php\/wp-json\/wp\/v2\/users\/1"}],"replies":[{"embeddable":true,"href":"https:\/\/timotheecouteau.com\/index.php\/wp-json\/wp\/v2\/comments?post=996"}],"version-history":[{"count":3,"href":"https:\/\/timotheecouteau.com\/index.php\/wp-json\/wp\/v2\/pages\/996\/revisions"}],"predecessor-version":[{"id":1812,"href":"https:\/\/timotheecouteau.com\/index.php\/wp-json\/wp\/v2\/pages\/996\/revisions\/1812"}],"wp:attachment":[{"href":"https:\/\/timotheecouteau.com\/index.php\/wp-json\/wp\/v2\/media?parent=996"}],"curies":[{"name":"wp","href":"https:\/\/api.w.org\/{rel}","templated":true}]}}

<figure class="wp-block-image size-full"><img loading="lazy" decoding="async" width="800" height="558" src="https://timotheecouteau.com/wp-content/uploads/2023/02/flyers-bartleby.jpg" alt="bartleby" class="wp-image-968" srcset="https://timotheecouteau.com/wp-content/uploads/2023/02/flyers-bartleby.jpg 800w, https://timotheecouteau.com/wp-content/uploads/2023/02/flyers-bartleby-300x209.jpg 300w, https://timotheecouteau.com/wp-content/uploads/2023/02/flyers-bartleby-768x536.jpg 768w" sizes="auto, (max-width: 800px) 100vw, 800px" /></figure>



<p>Timothée a composé les les musiques de l’adaptation théâtrale du roman d’Herman Melville «&nbsp;Bartleby (I would prefer not to…)&nbsp;», adaptation de Jean-Marc Chotteau.</p>



<p>La pièce est jouée jusqu’au 14 avril 2023 au Salon de Théâtre, Tourcoing [F].</p>



<div style="height:100px" aria-hidden="true" class="wp-block-spacer"></div>



<figure class="wp-block-embed is-type-video is-provider-youtube wp-block-embed-youtube wp-embed-aspect-16-9 wp-has-aspect-ratio"><div class="wp-block-embed__wrapper">
<iframe loading="lazy" title="Captation | Bartleby (Herman Melville) mis en scène par Jean-Marc Chotteau" width="1170" height="658" src="https://www.youtube.com/embed/NbZx-Olv8QQ?feature=oembed" frameborder="0" allow="accelerometer; autoplay; clipboard-write; encrypted-media; gyroscope; picture-in-picture; web-share" referrerpolicy="strict-origin-when-cross-origin" allowfullscreen></iframe>
</div></figure>



<div style="height:100px" aria-hidden="true" class="wp-block-spacer"></div>



<p><a href="http://lavirgule.com/Bartleby" target="_blank" rel="noopener">Plus d’informations sur ce site</a></p>



<figure class="wp-block-image"><img loading="lazy" decoding="async" width="1024" height="550" src="https://timotheecouteau.com/wp-content/uploads/2023/04/Article-La-Croix-du-Nord-10-04-2023-1024x550.jpg" alt="" class="wp-image-992" srcset="https://timotheecouteau.com/wp-content/uploads/2023/04/Article-La-Croix-du-Nord-10-04-2023-1024x550.jpg 1024w, https://timotheecouteau.com/wp-content/uploads/2023/04/Article-La-Croix-du-Nord-10-04-2023-300x161.jpg 300w, https://timotheecouteau.com/wp-content/uploads/2023/04/Article-La-Croix-du-Nord-10-04-2023-768x412.jpg 768w, https://timotheecouteau.com/wp-content/uploads/2023/04/Article-La-Croix-du-Nord-10-04-2023-1536x824.jpg 1536w, https://timotheecouteau.com/wp-content/uploads/2023/04/Article-La-Croix-du-Nord-10-04-2023.jpg 2012w" sizes="auto, (max-width: 1024px) 100vw, 1024px" /><figcaption class="wp-element-caption">Bartleby – La Croix du Nord</figcaption></figure>



<p>Dès sa première lecture du court roman d’Herman Melville, et avant même qu’il en décidât d’en faire une adaptation pour le théâtre et cinq personnages, Jean-Marc Chotteau fut séduit par la note profondément mélancolique, ponctuée de quelques intermèdes frôlant la farce ou le burlesque, qui se dégageait du roman.</p>



<p><br>Le personnage principal, un notaire, le porteur du récit, évoque d’ailleurs lui-même, comme une musique intérieure,<br>« la fraternelle mélancolie » qui l’unit à son employé et qui le retient peut-être de le licencier, bien que celui-ci réitère à son grand désarroi son refus tranquille d’effectuer les tâches qu’il lui demande : « I would prefer not to » …</p>



<p><br>La rencontre et la découverte de l’univers musical de Timothée Couteau firent apparaître comme une évidence qu’une musique devait être spécialement créée pour le spectacle pour en rendre la touchante complexité et les variations de sa tonalité si particulière.</p>



<p><br>Timothée Couteau accepta avec enthousiasme cette collaboration avec l’équipe de création pour faire de son instrument, le violoncelle, comme une des voix du spectacle.</p>



<p>La nature si originale du travail du compositeur, sa disponibilité pour proposer au metteur en scène la virtuosité de sa technique et sa profonde humilité à rendre au théâtre l’esprit d’une œuvre ont déterminé la proposition que La Virgule lui a faite de composer la musique du spectacle.</p>



<p><br>La collaboration commença ainsi bien en amont entre le metteur en scène et le musicien, avant que soit enregistrée, au début des quatre semaines de répétition du spectacle en février 2023, la musique qui aura été travaillée un peu comme une musique de film, qui permet de garder longtemps après, dans l’oreille et le cœur, le souvenir d’une profonde émotion.</p>



<figure class="wp-block-audio"><audio controls src="https://timotheecouteau.com/wp-content/uploads/2023/03/Bartleby-Generique-.mp3"></audio></figure>



<p>Bartleby (Générique)</p>



<p></p>

<p>Timothée a composé les les musiques de l’adaptation théâtrale du roman d’Herman Melville «&nbsp;Bartleby (I would prefer not to…)&nbsp;», adaptation de Jean-Marc [&hellip;]</p>
