{"id":1840,"date":"2026-02-27T10:18:37","date_gmt":"2026-02-27T10:18:37","guid":{"rendered":"https:\/\/timotheecouteau.com\/?page_id=1840"},"modified":"2026-02-27T10:28:41","modified_gmt":"2026-02-27T10:28:41","slug":"tree-dance","status":"publish","type":"page","link":"https:\/\/timotheecouteau.com\/index.php\/tree-dance\/","title":{"rendered":"Tree Dance"},"content":{"rendered":"\n<h2 class=\"wp-block-heading has-text-align-right\">Cie Empreintes<\/h2>\n\n\n\n<div style=\"height:100px\" aria-hidden=\"true\" class=\"wp-block-spacer\"><\/div>\n\n\n\n<p>Un arbre, un danseur, un musicien&nbsp;: un trio. Au pied de l\u2019arbre, le danseur, un temps immobile, rappelle une chrysalide. S\u2019invitent alors des po\u00e8mes, orchestr\u00e9s par le musicien, qui, archet en main, prend parfois son violoncelle pour une guitare. L\u2019air devient \u00e9lectrique et le danseur prend son envol, dans un ballet o\u00f9 l\u2019homme suspendu au fil tendu, quand il rencontre le v\u00e9g\u00e9tal, devient presque animal. Tant\u00f4t oiseau , tant\u00f4t f\u00e9lin, faisant parfois corps avec l\u2019\u00e9corce tel un l\u00e9zard souple et agile, la musique et la po\u00e9sie l\u2019accompagnent, le portent.<\/p>\n\n\n\n<div style=\"height:100px\" aria-hidden=\"true\" class=\"wp-block-spacer\"><\/div>\n\n\n\n<div class=\"wp-block-columns is-layout-flex wp-container-core-columns-is-layout-28f84493 wp-block-columns-is-layout-flex\">\n<div class=\"wp-block-column is-layout-flow wp-block-column-is-layout-flow\">\n<figure class=\"wp-block-image size-large\"><img loading=\"lazy\" decoding=\"async\" width=\"1024\" height=\"576\" src=\"https:\/\/timotheecouteau.com\/wp-content\/uploads\/2026\/02\/tree-dance-4-1024x576.png\" alt=\"\" class=\"wp-image-1844\" srcset=\"https:\/\/timotheecouteau.com\/wp-content\/uploads\/2026\/02\/tree-dance-4-1024x576.png 1024w, https:\/\/timotheecouteau.com\/wp-content\/uploads\/2026\/02\/tree-dance-4-300x169.png 300w, https:\/\/timotheecouteau.com\/wp-content\/uploads\/2026\/02\/tree-dance-4-768x432.png 768w, https:\/\/timotheecouteau.com\/wp-content\/uploads\/2026\/02\/tree-dance-4-1536x864.png 1536w, https:\/\/timotheecouteau.com\/wp-content\/uploads\/2026\/02\/tree-dance-4-1000x563.png 1000w, https:\/\/timotheecouteau.com\/wp-content\/uploads\/2026\/02\/tree-dance-4-230x129.png 230w, https:\/\/timotheecouteau.com\/wp-content\/uploads\/2026\/02\/tree-dance-4-350x197.png 350w, https:\/\/timotheecouteau.com\/wp-content\/uploads\/2026\/02\/tree-dance-4-480x270.png 480w, https:\/\/timotheecouteau.com\/wp-content\/uploads\/2026\/02\/tree-dance-4.png 1920w\" sizes=\"auto, (max-width: 1024px) 100vw, 1024px\" \/><\/figure>\n<\/div>\n\n\n\n<div class=\"wp-block-column is-layout-flow wp-block-column-is-layout-flow\">\n<figure class=\"wp-block-image size-large\"><img loading=\"lazy\" decoding=\"async\" width=\"1024\" height=\"576\" src=\"https:\/\/timotheecouteau.com\/wp-content\/uploads\/2026\/02\/tree-dance-3-1024x576.png\" alt=\"\" class=\"wp-image-1835\" srcset=\"https:\/\/timotheecouteau.com\/wp-content\/uploads\/2026\/02\/tree-dance-3-1024x576.png 1024w, https:\/\/timotheecouteau.com\/wp-content\/uploads\/2026\/02\/tree-dance-3-300x169.png 300w, https:\/\/timotheecouteau.com\/wp-content\/uploads\/2026\/02\/tree-dance-3-768x432.png 768w, https:\/\/timotheecouteau.com\/wp-content\/uploads\/2026\/02\/tree-dance-3-1536x864.png 1536w, https:\/\/timotheecouteau.com\/wp-content\/uploads\/2026\/02\/tree-dance-3-1000x563.png 1000w, https:\/\/timotheecouteau.com\/wp-content\/uploads\/2026\/02\/tree-dance-3-230x129.png 230w, https:\/\/timotheecouteau.com\/wp-content\/uploads\/2026\/02\/tree-dance-3-350x197.png 350w, https:\/\/timotheecouteau.com\/wp-content\/uploads\/2026\/02\/tree-dance-3-480x270.png 480w, https:\/\/timotheecouteau.com\/wp-content\/uploads\/2026\/02\/tree-dance-3.png 1920w\" sizes=\"auto, (max-width: 1024px) 100vw, 1024px\" \/><\/figure>\n<\/div>\n\n\n\n<div class=\"wp-block-column is-layout-flow wp-block-column-is-layout-flow\">\n<figure class=\"wp-block-image size-large\"><img loading=\"lazy\" decoding=\"async\" width=\"1024\" height=\"576\" src=\"https:\/\/timotheecouteau.com\/wp-content\/uploads\/2026\/02\/tree-dance-2-1-1024x576.png\" alt=\"\" class=\"wp-image-1842\" srcset=\"https:\/\/timotheecouteau.com\/wp-content\/uploads\/2026\/02\/tree-dance-2-1-1024x576.png 1024w, https:\/\/timotheecouteau.com\/wp-content\/uploads\/2026\/02\/tree-dance-2-1-300x169.png 300w, https:\/\/timotheecouteau.com\/wp-content\/uploads\/2026\/02\/tree-dance-2-1-768x432.png 768w, https:\/\/timotheecouteau.com\/wp-content\/uploads\/2026\/02\/tree-dance-2-1-1536x864.png 1536w, https:\/\/timotheecouteau.com\/wp-content\/uploads\/2026\/02\/tree-dance-2-1-1000x563.png 1000w, https:\/\/timotheecouteau.com\/wp-content\/uploads\/2026\/02\/tree-dance-2-1-230x129.png 230w, https:\/\/timotheecouteau.com\/wp-content\/uploads\/2026\/02\/tree-dance-2-1-350x197.png 350w, https:\/\/timotheecouteau.com\/wp-content\/uploads\/2026\/02\/tree-dance-2-1-480x270.png 480w, https:\/\/timotheecouteau.com\/wp-content\/uploads\/2026\/02\/tree-dance-2-1.png 1920w\" sizes=\"auto, (max-width: 1024px) 100vw, 1024px\" \/><\/figure>\n<\/div>\n\n\n\n<div class=\"wp-block-column is-layout-flow wp-block-column-is-layout-flow\">\n<figure class=\"wp-block-image size-large\"><img loading=\"lazy\" decoding=\"async\" width=\"1024\" height=\"576\" src=\"https:\/\/timotheecouteau.com\/wp-content\/uploads\/2026\/02\/tree-dance-3-1-1024x576.png\" alt=\"\" class=\"wp-image-1843\" srcset=\"https:\/\/timotheecouteau.com\/wp-content\/uploads\/2026\/02\/tree-dance-3-1-1024x576.png 1024w, https:\/\/timotheecouteau.com\/wp-content\/uploads\/2026\/02\/tree-dance-3-1-300x169.png 300w, https:\/\/timotheecouteau.com\/wp-content\/uploads\/2026\/02\/tree-dance-3-1-768x432.png 768w, https:\/\/timotheecouteau.com\/wp-content\/uploads\/2026\/02\/tree-dance-3-1-1536x864.png 1536w, https:\/\/timotheecouteau.com\/wp-content\/uploads\/2026\/02\/tree-dance-3-1-1000x563.png 1000w, https:\/\/timotheecouteau.com\/wp-content\/uploads\/2026\/02\/tree-dance-3-1-230x129.png 230w, https:\/\/timotheecouteau.com\/wp-content\/uploads\/2026\/02\/tree-dance-3-1-350x197.png 350w, https:\/\/timotheecouteau.com\/wp-content\/uploads\/2026\/02\/tree-dance-3-1-480x270.png 480w, https:\/\/timotheecouteau.com\/wp-content\/uploads\/2026\/02\/tree-dance-3-1.png 1920w\" sizes=\"auto, (max-width: 1024px) 100vw, 1024px\" \/><\/figure>\n<\/div>\n<\/div>\n\n\n\n<figure class=\"wp-block-gallery has-nested-images columns-default is-cropped wp-block-gallery-1 is-layout-flex wp-block-gallery-is-layout-flex\">\n<figure class=\"wp-block-image size-large\"><img loading=\"lazy\" decoding=\"async\" width=\"1024\" height=\"576\" data-id=\"1844\" src=\"https:\/\/timotheecouteau.com\/wp-content\/uploads\/2026\/02\/tree-dance-4-1024x576.png\" alt=\"\" class=\"wp-image-1844\" srcset=\"https:\/\/timotheecouteau.com\/wp-content\/uploads\/2026\/02\/tree-dance-4-1024x576.png 1024w, https:\/\/timotheecouteau.com\/wp-content\/uploads\/2026\/02\/tree-dance-4-300x169.png 300w, https:\/\/timotheecouteau.com\/wp-content\/uploads\/2026\/02\/tree-dance-4-768x432.png 768w, https:\/\/timotheecouteau.com\/wp-content\/uploads\/2026\/02\/tree-dance-4-1536x864.png 1536w, https:\/\/timotheecouteau.com\/wp-content\/uploads\/2026\/02\/tree-dance-4-1000x563.png 1000w, https:\/\/timotheecouteau.com\/wp-content\/uploads\/2026\/02\/tree-dance-4-230x129.png 230w, https:\/\/timotheecouteau.com\/wp-content\/uploads\/2026\/02\/tree-dance-4-350x197.png 350w, https:\/\/timotheecouteau.com\/wp-content\/uploads\/2026\/02\/tree-dance-4-480x270.png 480w, https:\/\/timotheecouteau.com\/wp-content\/uploads\/2026\/02\/tree-dance-4.png 1920w\" sizes=\"auto, (max-width: 1024px) 100vw, 1024px\" \/><\/figure>\n\n\n\n<figure class=\"wp-block-image size-large\"><img loading=\"lazy\" decoding=\"async\" width=\"1024\" height=\"576\" data-id=\"1842\" src=\"https:\/\/timotheecouteau.com\/wp-content\/uploads\/2026\/02\/tree-dance-2-1-1024x576.png\" alt=\"\" class=\"wp-image-1842\" srcset=\"https:\/\/timotheecouteau.com\/wp-content\/uploads\/2026\/02\/tree-dance-2-1-1024x576.png 1024w, https:\/\/timotheecouteau.com\/wp-content\/uploads\/2026\/02\/tree-dance-2-1-300x169.png 300w, https:\/\/timotheecouteau.com\/wp-content\/uploads\/2026\/02\/tree-dance-2-1-768x432.png 768w, https:\/\/timotheecouteau.com\/wp-content\/uploads\/2026\/02\/tree-dance-2-1-1536x864.png 1536w, https:\/\/timotheecouteau.com\/wp-content\/uploads\/2026\/02\/tree-dance-2-1-1000x563.png 1000w, https:\/\/timotheecouteau.com\/wp-content\/uploads\/2026\/02\/tree-dance-2-1-230x129.png 230w, https:\/\/timotheecouteau.com\/wp-content\/uploads\/2026\/02\/tree-dance-2-1-350x197.png 350w, https:\/\/timotheecouteau.com\/wp-content\/uploads\/2026\/02\/tree-dance-2-1-480x270.png 480w, https:\/\/timotheecouteau.com\/wp-content\/uploads\/2026\/02\/tree-dance-2-1.png 1920w\" sizes=\"auto, (max-width: 1024px) 100vw, 1024px\" \/><\/figure>\n\n\n\n<figure class=\"wp-block-image size-large\"><img loading=\"lazy\" decoding=\"async\" width=\"1024\" height=\"576\" data-id=\"1835\" src=\"https:\/\/timotheecouteau.com\/wp-content\/uploads\/2026\/02\/tree-dance-3-1024x576.png\" alt=\"\" class=\"wp-image-1835\" srcset=\"https:\/\/timotheecouteau.com\/wp-content\/uploads\/2026\/02\/tree-dance-3-1024x576.png 1024w, https:\/\/timotheecouteau.com\/wp-content\/uploads\/2026\/02\/tree-dance-3-300x169.png 300w, https:\/\/timotheecouteau.com\/wp-content\/uploads\/2026\/02\/tree-dance-3-768x432.png 768w, https:\/\/timotheecouteau.com\/wp-content\/uploads\/2026\/02\/tree-dance-3-1536x864.png 1536w, https:\/\/timotheecouteau.com\/wp-content\/uploads\/2026\/02\/tree-dance-3-1000x563.png 1000w, https:\/\/timotheecouteau.com\/wp-content\/uploads\/2026\/02\/tree-dance-3-230x129.png 230w, https:\/\/timotheecouteau.com\/wp-content\/uploads\/2026\/02\/tree-dance-3-350x197.png 350w, https:\/\/timotheecouteau.com\/wp-content\/uploads\/2026\/02\/tree-dance-3-480x270.png 480w, https:\/\/timotheecouteau.com\/wp-content\/uploads\/2026\/02\/tree-dance-3.png 1920w\" sizes=\"auto, (max-width: 1024px) 100vw, 1024px\" \/><\/figure>\n\n\n\n<figure class=\"wp-block-image size-large\"><img loading=\"lazy\" decoding=\"async\" width=\"1024\" height=\"576\" data-id=\"1843\" src=\"https:\/\/timotheecouteau.com\/wp-content\/uploads\/2026\/02\/tree-dance-3-1-1024x576.png\" alt=\"\" class=\"wp-image-1843\" srcset=\"https:\/\/timotheecouteau.com\/wp-content\/uploads\/2026\/02\/tree-dance-3-1-1024x576.png 1024w, https:\/\/timotheecouteau.com\/wp-content\/uploads\/2026\/02\/tree-dance-3-1-300x169.png 300w, https:\/\/timotheecouteau.com\/wp-content\/uploads\/2026\/02\/tree-dance-3-1-768x432.png 768w, https:\/\/timotheecouteau.com\/wp-content\/uploads\/2026\/02\/tree-dance-3-1-1536x864.png 1536w, https:\/\/timotheecouteau.com\/wp-content\/uploads\/2026\/02\/tree-dance-3-1-1000x563.png 1000w, https:\/\/timotheecouteau.com\/wp-content\/uploads\/2026\/02\/tree-dance-3-1-230x129.png 230w, https:\/\/timotheecouteau.com\/wp-content\/uploads\/2026\/02\/tree-dance-3-1-350x197.png 350w, https:\/\/timotheecouteau.com\/wp-content\/uploads\/2026\/02\/tree-dance-3-1-480x270.png 480w, https:\/\/timotheecouteau.com\/wp-content\/uploads\/2026\/02\/tree-dance-3-1.png 1920w\" sizes=\"auto, (max-width: 1024px) 100vw, 1024px\" \/><\/figure>\n<\/figure>\n\n\n\n<div style=\"height:100px\" aria-hidden=\"true\" class=\"wp-block-spacer\"><\/div>\n\n\n\n<h6 class=\"wp-block-heading\">Soutiens<\/h6>\n\n\n\n<p>Compagnie Empreintes<br>CCAS en Cantal, Pleaux<br>Ballet du Nord CCN, Roubaix<\/p>\n","protected":false},"excerpt":{"rendered":"<p>Cie Empreintes Un arbre, un danseur, un musicien&nbsp;: un trio. Au pied de l\u2019arbre, le danseur, un temps immobile, rappelle une chrysalide. [&hellip;]<\/p>\n","protected":false},"author":1,"featured_media":0,"parent":0,"menu_order":0,"comment_status":"closed","ping_status":"closed","template":"","meta":{"footnotes":""},"class_list":["post-1840","page","type-page","status-publish","hentry"],"_links":{"self":[{"href":"https:\/\/timotheecouteau.com\/index.php\/wp-json\/wp\/v2\/pages\/1840","targetHints":{"allow":["GET"]}}],"collection":[{"href":"https:\/\/timotheecouteau.com\/index.php\/wp-json\/wp\/v2\/pages"}],"about":[{"href":"https:\/\/timotheecouteau.com\/index.php\/wp-json\/wp\/v2\/types\/page"}],"author":[{"embeddable":true,"href":"https:\/\/timotheecouteau.com\/index.php\/wp-json\/wp\/v2\/users\/1"}],"replies":[{"embeddable":true,"href":"https:\/\/timotheecouteau.com\/index.php\/wp-json\/wp\/v2\/comments?post=1840"}],"version-history":[{"count":4,"href":"https:\/\/timotheecouteau.com\/index.php\/wp-json\/wp\/v2\/pages\/1840\/revisions"}],"predecessor-version":[{"id":1849,"href":"https:\/\/timotheecouteau.com\/index.php\/wp-json\/wp\/v2\/pages\/1840\/revisions\/1849"}],"wp:attachment":[{"href":"https:\/\/timotheecouteau.com\/index.php\/wp-json\/wp\/v2\/media?parent=1840"}],"curies":[{"name":"wp","href":"https:\/\/api.w.org\/{rel}","templated":true}]}}