{"id":1067,"date":"2023-08-07T15:57:29","date_gmt":"2023-08-07T13:57:29","guid":{"rendered":"http:\/\/timothee.couteau.free.fr\/2016\/?page_id=1067"},"modified":"2026-01-11T11:27:25","modified_gmt":"2026-01-11T11:27:25","slug":"disque-a-cello-on-the-side-roads-musiquemusic","status":"publish","type":"page","link":"https:\/\/timotheecouteau.com\/index.php\/disque-a-cello-on-the-side-roads-musiquemusic\/","title":{"rendered":"A Cello on the Side Roads"},"content":{"rendered":"\n<h2 class=\"wp-block-heading has-text-align-right\">Musique&amp;Music &#8211; 2022<\/h2>\n\n\n\n<div style=\"height:100px\" aria-hidden=\"true\" class=\"wp-block-spacer\"><\/div>\n\n\n\n<blockquote class=\"wp-block-quote has-text-align-right has-global-color-9-color has-black-background-color has-text-color has-background has-link-color wp-elements-61c2821509ffc50adf6f2d0479115ce9 is-layout-flow wp-block-quote-is-layout-flow\">\n<p class=\"has-text-align-right has-global-color-9-color has-text-color has-link-color wp-elements-b1d5c9e4941b6d290dc4485e6b7ecd6e\"><em>\u00ab\u00a0Des univers sonores \u00e9tonnants par leur diversit\u00e9\u00a0\u00bb<\/em><\/p>\n<cite>La VOIX DU NORD<\/cite><\/blockquote>\n\n\n\n<figure class=\"wp-block-embed is-type-rich is-provider-spotify wp-block-embed-spotify wp-embed-aspect-21-9 wp-has-aspect-ratio\"><div class=\"wp-block-embed__wrapper\">\n<iframe title=\"Spotify Embed: A Cello On The Side Roads\" style=\"border-radius: 12px\" width=\"100%\" height=\"352\" frameborder=\"0\" allowfullscreen allow=\"autoplay; clipboard-write; encrypted-media; fullscreen; picture-in-picture\" loading=\"lazy\" src=\"https:\/\/open.spotify.com\/embed\/album\/6Clt1muVuoPU5xSWEdI3Oy?utm_source=oembed\"><\/iframe>\n<\/div><\/figure>\n\n\n\n<p class=\"has-text-align-center\"><a href=\"https:\/\/bfan.link\/a-cello-on-the-side-roads\" target=\"_blank\" rel=\"noopener\">Deezer, Soptify&#8230; Cliquer ici<\/a><\/p>\n\n\n\n<div style=\"height:100px\" aria-hidden=\"true\" class=\"wp-block-spacer\"><\/div>\n\n\n\n<h4 class=\"wp-block-heading\">Presse<\/h4>\n\n\n\n<h5 class=\"wp-block-heading\">L&rsquo;\u00e9l\u00e9gance myst\u00e9rieuse du Violoncelle<\/h5>\n\n\n\n<p><\/p>\n\n\n\n<div class=\"wp-block-columns is-layout-flex wp-container-core-columns-is-layout-28f84493 wp-block-columns-is-layout-flex\">\n<div class=\"wp-block-column is-layout-flow wp-block-column-is-layout-flow\" style=\"flex-basis:33.33%\">\n<figure class=\"wp-block-image size-large is-resized\"><a href=\"https:\/\/timotheecouteau.com\/wp-content\/uploads\/2023\/08\/2023-08-VDN-scaled.png\"><img loading=\"lazy\" decoding=\"async\" width=\"363\" height=\"1024\" src=\"https:\/\/timotheecouteau.com\/wp-content\/uploads\/2023\/08\/2023-08-VDN-363x1024.png\" alt=\"\" class=\"wp-image-1057\" style=\"aspect-ratio:0.3544993057965984;width:98px;height:auto\" srcset=\"https:\/\/timotheecouteau.com\/wp-content\/uploads\/2023\/08\/2023-08-VDN-363x1024.png 363w, https:\/\/timotheecouteau.com\/wp-content\/uploads\/2023\/08\/2023-08-VDN-106x300.png 106w, https:\/\/timotheecouteau.com\/wp-content\/uploads\/2023\/08\/2023-08-VDN-768x2166.png 768w, https:\/\/timotheecouteau.com\/wp-content\/uploads\/2023\/08\/2023-08-VDN-545x1536.png 545w, https:\/\/timotheecouteau.com\/wp-content\/uploads\/2023\/08\/2023-08-VDN-726x2048.png 726w, https:\/\/timotheecouteau.com\/wp-content\/uploads\/2023\/08\/2023-08-VDN-scaled.png 908w\" sizes=\"auto, (max-width: 363px) 100vw, 363px\" \/><\/a><\/figure>\n<\/div>\n\n\n\n<div class=\"wp-block-column is-layout-flow wp-block-column-is-layout-flow\" style=\"flex-basis:140%\">\n<p class=\"has-text-align-center\">\u00ab&nbsp;Son dernier album [&#8230;] propose des univers sonores \u00e9tonnants par leur diversit\u00e9. [&#8230;] par exemple A Night Train To The French Riviera (Un train de nuit vers la C\u00f4te d\u2019Azur) sur lequel on entendrait presque le bruit r\u00e9p\u00e9titif des roues des wagons cognant sur les traverses, Mechanical Horse (Cheval m\u00e9canique), sorte de chevauch\u00e9e dans les grands espaces du far west avec le \u00ab ca-ta-clop \u00bb et les hennissements du cheval, ou bien encore A Touch Of Saffron (Un soup\u00e7on de safran), ballade indienne sur laquelle on jurerait entendre du sitar. Le tout est port\u00e9 par l\u2019\u00e9l\u00e9gance myst\u00e9rieuse du violoncelle, tant dans les ambiances douces que celles tr\u00e8s rythm\u00e9es voire haletantes.&nbsp;\u00bb<\/p>\n\n\n\n<p class=\"has-text-align-right\">la voix du nord<\/p>\n<\/div>\n<\/div>\n\n\n\n<p class=\"has-text-align-right\"><\/p>\n\n\n\n<div style=\"height:100px\" aria-hidden=\"true\" class=\"wp-block-spacer\"><\/div>\n\n\n\n<h6 class=\"wp-block-heading\">Climats Cin\u00e9matographiques<\/h6>\n\n\n\n<div class=\"wp-block-columns is-layout-flex wp-container-core-columns-is-layout-28f84493 wp-block-columns-is-layout-flex\">\n<div class=\"wp-block-column is-layout-flow wp-block-column-is-layout-flow\" style=\"flex-basis:120%\">\n<p class=\"has-text-align-center\">\u00ab&nbsp; D\u00e8s les pizzicati de l\u2019introductif \u201cA Night Train To The French Riviera\u201d, on retrouve avec plaisir les climats cin\u00e9matographiques auxquels nous a accoutum\u00e9s l\u2019art de Timoth\u00e9e. Entre Orient et Moyen-Orient, nous voici embarqu\u00e9s pour un p\u00e9riple qui n\u2019en parcourt pas moins des paysages tour \u00e0 tour anim\u00e9s (l\u2019hypnotique \u201cMechanical Horse\u201d, l\u2019enjou\u00e9 \u201cIcicle Tree\u201d ou les fac\u00e9tieux \u201cA Touch Of Saffron\u201d et \u201cThe Laughing Willow\u201d) et contemplatifs (les envo\u00fbtants \u201cShadow Of A Smile\u201d, \u201cApple Heart\u201d, \u201cThe Second Dream\u201d et \u201cChina Convertible Sofa\u201d). La plage titulaire et \u201cCremona, 1644\u201d miaulent tous deux comme un chat du rabbin, tandis que \u201cCello Off The Beaten Track\u201d rappelle \u00e0 point nomm\u00e9 les dispositifs de sa premi\u00e8re formation \u00bb <\/p>\n\n\n\n<p class=\"has-text-align-right\">Illico<\/p>\n<\/div>\n\n\n\n<div class=\"wp-block-column is-layout-flow wp-block-column-is-layout-flow\" style=\"flex-basis:33.33%\">\n<figure data-wp-context=\"{&quot;imageId&quot;:&quot;69f9d259f3c6e&quot;}\" data-wp-interactive=\"core\/image\" data-wp-key=\"69f9d259f3c6e\" class=\"wp-block-image alignright size-large is-resized wp-lightbox-container\"><img loading=\"lazy\" decoding=\"async\" width=\"249\" height=\"1024\" data-wp-class--hide=\"state.isContentHidden\" data-wp-class--show=\"state.isContentVisible\" data-wp-init=\"callbacks.setButtonStyles\" data-wp-on--click=\"actions.showLightbox\" data-wp-on--load=\"callbacks.setButtonStyles\" data-wp-on-window--resize=\"callbacks.setButtonStyles\" src=\"https:\/\/timotheecouteau.com\/wp-content\/uploads\/2024\/02\/74-illico-26-A-cello-on-the-side-roads-249x1024.jpg\" alt=\"A Cello on the side Roads dans Illico !\" class=\"wp-image-1161\" style=\"aspect-ratio:0.24316798036531836;width:72px;height:auto\" srcset=\"https:\/\/timotheecouteau.com\/wp-content\/uploads\/2024\/02\/74-illico-26-A-cello-on-the-side-roads-249x1024.jpg 249w, https:\/\/timotheecouteau.com\/wp-content\/uploads\/2024\/02\/74-illico-26-A-cello-on-the-side-roads-73x300.jpg 73w, https:\/\/timotheecouteau.com\/wp-content\/uploads\/2024\/02\/74-illico-26-A-cello-on-the-side-roads-374x1536.jpg 374w, https:\/\/timotheecouteau.com\/wp-content\/uploads\/2024\/02\/74-illico-26-A-cello-on-the-side-roads-498x2048.jpg 498w, https:\/\/timotheecouteau.com\/wp-content\/uploads\/2024\/02\/74-illico-26-A-cello-on-the-side-roads.jpg 588w\" sizes=\"auto, (max-width: 249px) 100vw, 249px\" \/><button\n\t\t\tclass=\"lightbox-trigger\"\n\t\t\ttype=\"button\"\n\t\t\taria-haspopup=\"dialog\"\n\t\t\taria-label=\"Agrandir\"\n\t\t\tdata-wp-init=\"callbacks.initTriggerButton\"\n\t\t\tdata-wp-on--click=\"actions.showLightbox\"\n\t\t\tdata-wp-style--right=\"state.imageButtonRight\"\n\t\t\tdata-wp-style--top=\"state.imageButtonTop\"\n\t\t>\n\t\t\t<svg xmlns=\"http:\/\/www.w3.org\/2000\/svg\" width=\"12\" height=\"12\" fill=\"none\" viewBox=\"0 0 12 12\">\n\t\t\t\t<path fill=\"#fff\" d=\"M2 0a2 2 0 0 0-2 2v2h1.5V2a.5.5 0 0 1 .5-.5h2V0H2Zm2 10.5H2a.5.5 0 0 1-.5-.5V8H0v2a2 2 0 0 0 2 2h2v-1.5ZM8 12v-1.5h2a.5.5 0 0 0 .5-.5V8H12v2a2 2 0 0 1-2 2H8Zm2-12a2 2 0 0 1 2 2v2h-1.5V2a.5.5 0 0 0-.5-.5H8V0h2Z\" \/>\n\t\t\t<\/svg>\n\t\t<\/button><\/figure>\n<\/div>\n<\/div>\n\n\n\n<div style=\"height:100px\" aria-hidden=\"true\" class=\"wp-block-spacer\"><\/div>\n\n\n\n<figure class=\"wp-block-image aligncenter size-large is-resized\"><img loading=\"lazy\" decoding=\"async\" width=\"1024\" height=\"1024\" src=\"https:\/\/timotheecouteau.com\/wp-content\/uploads\/2023\/07\/ZIK740-scaled-1-1024x1024.jpg\" alt=\"\" class=\"wp-image-1036\" style=\"width:292px;height:auto\" srcset=\"https:\/\/timotheecouteau.com\/wp-content\/uploads\/2023\/07\/ZIK740-scaled-1-1024x1024.jpg 1024w, https:\/\/timotheecouteau.com\/wp-content\/uploads\/2023\/07\/ZIK740-scaled-1-300x300.jpg 300w, https:\/\/timotheecouteau.com\/wp-content\/uploads\/2023\/07\/ZIK740-scaled-1-150x150.jpg 150w, https:\/\/timotheecouteau.com\/wp-content\/uploads\/2023\/07\/ZIK740-scaled-1-768x768.jpg 768w, https:\/\/timotheecouteau.com\/wp-content\/uploads\/2023\/07\/ZIK740-scaled-1-1536x1536.jpg 1536w, https:\/\/timotheecouteau.com\/wp-content\/uploads\/2023\/07\/ZIK740-scaled-1-2048x2048.jpg 2048w\" sizes=\"auto, (max-width: 1024px) 100vw, 1024px\" \/><\/figure>\n","protected":false},"excerpt":{"rendered":"<p>Musique&amp;Music &#8211; 2022 \u00ab\u00a0Des univers sonores \u00e9tonnants par leur diversit\u00e9\u00a0\u00bb La VOIX DU NORD Deezer, Soptify&#8230; Cliquer ici Presse L&rsquo;\u00e9l\u00e9gance myst\u00e9rieuse du [&hellip;]<\/p>\n","protected":false},"author":1,"featured_media":0,"parent":0,"menu_order":0,"comment_status":"closed","ping_status":"closed","template":"","meta":{"footnotes":""},"class_list":["post-1067","page","type-page","status-publish","hentry"],"_links":{"self":[{"href":"https:\/\/timotheecouteau.com\/index.php\/wp-json\/wp\/v2\/pages\/1067","targetHints":{"allow":["GET"]}}],"collection":[{"href":"https:\/\/timotheecouteau.com\/index.php\/wp-json\/wp\/v2\/pages"}],"about":[{"href":"https:\/\/timotheecouteau.com\/index.php\/wp-json\/wp\/v2\/types\/page"}],"author":[{"embeddable":true,"href":"https:\/\/timotheecouteau.com\/index.php\/wp-json\/wp\/v2\/users\/1"}],"replies":[{"embeddable":true,"href":"https:\/\/timotheecouteau.com\/index.php\/wp-json\/wp\/v2\/comments?post=1067"}],"version-history":[{"count":17,"href":"https:\/\/timotheecouteau.com\/index.php\/wp-json\/wp\/v2\/pages\/1067\/revisions"}],"predecessor-version":[{"id":1780,"href":"https:\/\/timotheecouteau.com\/index.php\/wp-json\/wp\/v2\/pages\/1067\/revisions\/1780"}],"wp:attachment":[{"href":"https:\/\/timotheecouteau.com\/index.php\/wp-json\/wp\/v2\/media?parent=1067"}],"curies":[{"name":"wp","href":"https:\/\/api.w.org\/{rel}","templated":true}]}}